{"id":1661,"date":"2014-12-04T16:10:13","date_gmt":"2014-12-04T15:10:13","guid":{"rendered":"http:\/\/mge-greenservice.com\/w\/?page_id=1661"},"modified":"2019-09-27T15:27:22","modified_gmt":"2019-09-27T14:27:22","slug":"tondeuses-rotatives","status":"publish","type":"page","link":"https:\/\/mge-greenservice.com\/w\/trimax\/tondeuses-rotatives\/","title":{"rendered":"Tondeuses rotatives"},"content":{"rendered":"<p>Les tondeuses rotatives TRIMAX sont sans nul doute les tondeuses les plus performantes du march\u00e9. Elles permettent de travailler en toutes conditions sur des gazons fins (fariways de golf, stades) ou plus rustiques (grands parcs, ch\u00e2teaux, plaines de jeux, accotements autoroutiers). Les tondeuses rotatives \u00e0 rouleaux TRIMAX<strong> c\u2019est un temps de travail divis\u00e9 par 2<\/strong> (tonte 2 fois plus rapide jusqu\u2019\u00e0 16 \u00e0 20 km\/heures), une qualit\u00e9 de tonte exceptionnelle \u00e9vitant de surcroit le ramassage et le transport co\u00fbteux des d\u00e9chets de tonte, une consommation d\u2019\u00e9nergie fossile (carburant) divis\u00e9e par 2 et un co\u00fbt d\u2019entretien et de maintenance r\u00e9duit de 80% \u00e0 90%\u00a0! Avec une garantie de 3 ans, faciles \u00e0 r\u00e9gler et \u00e0 utiliser <strong>les tondeuses TRIMAX r\u00e9pondent parfaitement aux nouveaux besoins des collectivit\u00e9s, des golfs, des entrepreneurs paysagistes en mati\u00e8re d\u2019\u00e9conomie et d\u2019\u00e9cologie. <\/strong><\/p>\n","protected":false},"excerpt":{"rendered":"<p>Les tondeuses rotatives TRIMAX sont sans nul doute les tondeuses les plus performantes du march\u00e9. Elles permettent de travailler en toutes conditions sur des gazons fins (fariways de golf, stades) ou plus rustiques (grands parcs, ch\u00e2teaux, plaines de jeux, accotements autoroutiers). Les tondeuses rotatives \u00e0 rouleaux TRIMAX c\u2019est un temps de travail divis\u00e9 par 2<\/p>\n","protected":false},"author":2,"featured_media":0,"parent":38,"menu_order":0,"comment_status":"closed","ping_status":"closed","template":"produits.php","meta":{"_acf_changed":false,"footnotes":""},"class_list":["post-1661","page","type-page","status-publish","hentry"],"acf":[],"yoast_head":"<!-- This site is optimized with the Yoast SEO plugin v27.2 - https:\/\/yoast.com\/product\/yoast-seo-wordpress\/ -->\n<title>TRIMAX : Tondeuses rotatives \u00e0 rouleaux les plus performantes du march\u00e9<\/title>\n<meta name=\"description\" content=\"Travailler sur des gazons fins (fariways de golf, stades) ou plus rustiques (plaines de jeux, accotements autoroutiers) : un temps de travail divis\u00e9 par 2\" \/>\n<meta name=\"robots\" content=\"index, follow, max-snippet:-1, max-image-preview:large, max-video-preview:-1\" \/>\n<link rel=\"canonical\" href=\"https:\/\/mge-greenservice.com\/w\/trimax\/tondeuses-rotatives\/\" \/>\n<meta property=\"og:locale\" content=\"fr_FR\" \/>\n<meta property=\"og:type\" content=\"article\" \/>\n<meta property=\"og:title\" content=\"TRIMAX : Tondeuses rotatives \u00e0 rouleaux les plus performantes du march\u00e9\" \/>\n<meta property=\"og:description\" content=\"Travailler sur des gazons fins (fariways de golf, stades) ou plus rustiques (plaines de jeux, accotements autoroutiers) : un temps de travail divis\u00e9 par 2\" \/>\n<meta property=\"og:url\" content=\"https:\/\/mge-greenservice.com\/w\/trimax\/tondeuses-rotatives\" \/>\n<meta property=\"og:site_name\" content=\"MGE Green Service\" \/>\n<meta property=\"article:modified_time\" content=\"2019-09-27T14:27:22+00:00\" \/>\n<meta name=\"twitter:label1\" content=\"Dur\u00e9e de lecture estim\u00e9e\" \/>\n\t<meta name=\"twitter:data1\" content=\"1 minute\" \/>\n<!-- \/ Yoast SEO plugin. -->","yoast_head_json":{"title":"TRIMAX : Tondeuses rotatives \u00e0 rouleaux les plus performantes du march\u00e9","description":"Travailler sur des gazons fins (fariways de golf, stades) ou plus rustiques (plaines de jeux, accotements autoroutiers) : un temps de travail divis\u00e9 par 2","robots":{"index":"index","follow":"follow","max-snippet":"max-snippet:-1","max-image-preview":"max-image-preview:large","max-video-preview":"max-video-preview:-1"},"canonical":"https:\/\/mge-greenservice.com\/w\/trimax\/tondeuses-rotatives\/","og_locale":"fr_FR","og_type":"article","og_title":"TRIMAX : Tondeuses rotatives \u00e0 rouleaux les plus performantes du march\u00e9","og_description":"Travailler sur des gazons fins (fariways de golf, stades) ou plus rustiques (plaines de jeux, accotements autoroutiers) : un temps de travail divis\u00e9 par 2","og_url":"https:\/\/mge-greenservice.com\/w\/trimax\/tondeuses-rotatives","og_site_name":"MGE Green Service","article_modified_time":"2019-09-27T14:27:22+00:00","twitter_misc":{"Dur\u00e9e de lecture estim\u00e9e":"1 minute"},"schema":{"@context":"https:\/\/schema.org","@graph":[{"@type":"WebPage","@id":"https:\/\/mge-greenservice.com\/w\/trimax\/tondeuses-rotatives\/","url":"https:\/\/mge-greenservice.com\/w\/trimax\/tondeuses-rotatives","name":"TRIMAX : Tondeuses rotatives \u00e0 rouleaux les plus performantes du march\u00e9","isPartOf":{"@id":"https:\/\/mge-greenservice.com\/w\/#website"},"datePublished":"2014-12-04T15:10:13+00:00","dateModified":"2019-09-27T14:27:22+00:00","description":"Travailler sur des gazons fins (fariways de golf, stades) ou plus rustiques (plaines de jeux, accotements autoroutiers) : un temps de travail divis\u00e9 par 2","breadcrumb":{"@id":"https:\/\/mge-greenservice.com\/w\/trimax\/tondeuses-rotatives#breadcrumb"},"inLanguage":"fr-FR","potentialAction":[{"@type":"ReadAction","target":["https:\/\/mge-greenservice.com\/w\/trimax\/tondeuses-rotatives"]}]},{"@type":"BreadcrumbList","@id":"https:\/\/mge-greenservice.com\/w\/trimax\/tondeuses-rotatives#breadcrumb","itemListElement":[{"@type":"ListItem","position":1,"name":"Accueil","item":"https:\/\/mge-greenservice.com\/w\/"},{"@type":"ListItem","position":2,"name":"Trimax","item":"https:\/\/mge-greenservice.com\/w\/trimax\/"},{"@type":"ListItem","position":3,"name":"Tondeuses rotatives"}]},{"@type":"WebSite","@id":"https:\/\/mge-greenservice.com\/w\/#website","url":"https:\/\/mge-greenservice.com\/w\/","name":"MGE Green Service","description":"L&#039;avenir s&#039;\u00e9crit en Vert","publisher":{"@id":"https:\/\/mge-greenservice.com\/w\/#organization"},"potentialAction":[{"@type":"SearchAction","target":{"@type":"EntryPoint","urlTemplate":"https:\/\/mge-greenservice.com\/w\/?s={search_term_string}"},"query-input":{"@type":"PropertyValueSpecification","valueRequired":true,"valueName":"search_term_string"}}],"inLanguage":"fr-FR"},{"@type":"Organization","@id":"https:\/\/mge-greenservice.com\/w\/#organization","name":"MGE Green Service","url":"https:\/\/mge-greenservice.com\/w\/","logo":{"@type":"ImageObject","inLanguage":"fr-FR","@id":"https:\/\/mge-greenservice.com\/w\/#\/schema\/logo\/image\/","url":"https:\/\/mge-greenservice.com\/w\/wp-content\/uploads\/2014\/06\/MGE-Green-service-logo-header.png","contentUrl":"https:\/\/mge-greenservice.com\/w\/wp-content\/uploads\/2014\/06\/MGE-Green-service-logo-header.png","width":295,"height":75,"caption":"MGE Green Service"},"image":{"@id":"https:\/\/mge-greenservice.com\/w\/#\/schema\/logo\/image\/"}}]}},"amp_enabled":false,"_links":{"self":[{"href":"https:\/\/mge-greenservice.com\/w\/wp-json\/wp\/v2\/pages\/1661","targetHints":{"allow":["GET"]}}],"collection":[{"href":"https:\/\/mge-greenservice.com\/w\/wp-json\/wp\/v2\/pages"}],"about":[{"href":"https:\/\/mge-greenservice.com\/w\/wp-json\/wp\/v2\/types\/page"}],"author":[{"embeddable":true,"href":"https:\/\/mge-greenservice.com\/w\/wp-json\/wp\/v2\/users\/2"}],"replies":[{"embeddable":true,"href":"https:\/\/mge-greenservice.com\/w\/wp-json\/wp\/v2\/comments?post=1661"}],"version-history":[{"count":2,"href":"https:\/\/mge-greenservice.com\/w\/wp-json\/wp\/v2\/pages\/1661\/revisions"}],"predecessor-version":[{"id":5309,"href":"https:\/\/mge-greenservice.com\/w\/wp-json\/wp\/v2\/pages\/1661\/revisions\/5309"}],"up":[{"embeddable":true,"href":"https:\/\/mge-greenservice.com\/w\/wp-json\/wp\/v2\/pages\/38"}],"wp:attachment":[{"href":"https:\/\/mge-greenservice.com\/w\/wp-json\/wp\/v2\/media?parent=1661"}],"curies":[{"name":"wp","href":"https:\/\/api.w.org\/{rel}","templated":true}]}}