{"id":32,"date":"2014-06-30T15:52:28","date_gmt":"2014-06-30T14:52:28","guid":{"rendered":"http:\/\/mge-greenservice.com\/w\/?page_id=32"},"modified":"2019-04-01T11:59:48","modified_gmt":"2019-04-01T10:59:48","slug":"localisation","status":"publish","type":"page","link":"https:\/\/mge-greenservice.com\/w\/localisation\/","title":{"rendered":"Localisation"},"content":{"rendered":"<h2>Au c\u0153ur de l&#8217;Ouest Europ\u00e9en dynamique<\/h2>\n<h1>Europe<\/h1>\n<p>L&#8217;Europe au sens large (51\u00a0pays) a une population de 744\u00a0millions d&#8217;habitants. L&#8217;Europe des 28\u00a0&#8211; Union Europ\u00e9enne dont la France est un des 6 pays fondateurs &#8211; compte 508\u00a0millions d&#8217;habitants (2015) et est la 1\u00e8re puissance \u00e9conomique du monde\u00a0avec pr\u00e8s de 24% du PIB mondial\u00a0en 2014(18 400\u00a0miliards de $US).<\/p>\n<p><img decoding=\"async\" class=\"lazyload size-full wp-image-106 aligncenter\" src=\"http:\/\/mge-greenservice.com\/w\/wp-content\/uploads\/2014\/06\/Localisation-image-1.jpg\" data-orig-src=\"http:\/\/mge-greenservice.com\/w\/wp-content\/uploads\/2014\/06\/Localisation-image-1.jpg\" alt=\"Localisation image 1\" width=\"442\" height=\"429\" srcset=\"data:image\/svg+xml,%3Csvg%20xmlns%3D%27http%3A%2F%2Fwww.w3.org%2F2000%2Fsvg%27%20width%3D%27442%27%20height%3D%27429%27%20viewBox%3D%270%200%20442%20429%27%3E%3Crect%20width%3D%27442%27%20height%3D%27429%27%20fill-opacity%3D%220%22%2F%3E%3C%2Fsvg%3E\" data-srcset=\"https:\/\/mge-greenservice.com\/w\/wp-content\/uploads\/2014\/06\/Localisation-image-1-52x50.jpg 52w, https:\/\/mge-greenservice.com\/w\/wp-content\/uploads\/2014\/06\/Localisation-image-1-300x291.jpg 300w, https:\/\/mge-greenservice.com\/w\/wp-content\/uploads\/2014\/06\/Localisation-image-1.jpg 442w\" data-sizes=\"auto\" data-orig-sizes=\"(max-width: 442px) 100vw, 442px\" \/><\/p>\n<h1>France<\/h1>\n<p>La France est un\u00a0pays central de l&#8217;Europe\u00a0avec ses fronti\u00e8res avec l&#8217;Allemagne, le B\u00e9n\u00e9lux, la Suisse, l&#8217;Italie et l&#8217;Espagne ainsi qu&#8217;une proximit\u00e9 avec le Royaume Uni. Avec une d\u00e9mographie dynamique et sa population de 66\u00a0millions d&#8217;habitants, la France est \u00e9galement la 6\u00e8me puissance \u00e9conomique du monde\u00a0avec 2135\u00a0milliards de $US (2014).<\/p>\n<p><img decoding=\"async\" class=\"lazyload size-full wp-image-108 aligncenter\" src=\"http:\/\/mge-greenservice.com\/w\/wp-content\/uploads\/2014\/06\/Localisation-image-2.jpg\" data-orig-src=\"http:\/\/mge-greenservice.com\/w\/wp-content\/uploads\/2014\/06\/Localisation-image-2.jpg\" alt=\"Localisation image 2\" width=\"450\" height=\"450\" srcset=\"data:image\/svg+xml,%3Csvg%20xmlns%3D%27http%3A%2F%2Fwww.w3.org%2F2000%2Fsvg%27%20width%3D%27450%27%20height%3D%27450%27%20viewBox%3D%270%200%20450%20450%27%3E%3Crect%20width%3D%27450%27%20height%3D%27450%27%20fill-opacity%3D%220%22%2F%3E%3C%2Fsvg%3E\" data-srcset=\"https:\/\/mge-greenservice.com\/w\/wp-content\/uploads\/2014\/06\/Localisation-image-2-66x66.jpg 66w, https:\/\/mge-greenservice.com\/w\/wp-content\/uploads\/2014\/06\/Localisation-image-2-150x150.jpg 150w, https:\/\/mge-greenservice.com\/w\/wp-content\/uploads\/2014\/06\/Localisation-image-2-300x300.jpg 300w, https:\/\/mge-greenservice.com\/w\/wp-content\/uploads\/2014\/06\/Localisation-image-2.jpg 450w\" data-sizes=\"auto\" data-orig-sizes=\"(max-width: 450px) 100vw, 450px\" \/><\/p>\n<h1>Sarthe &#8211; Le Mans<\/h1>\n<p>Le d\u00e9partement de la\u00a0<a href=\"http:\/\/www.cg72.fr\/index.php\">Sarthe<\/a>\u00a0est situ\u00e9 id\u00e9alement entre Paris et la Bretagne sur l&#8217;axe Est-Ouest et entre la Normandie et la vall\u00e9e de la Loire sur l&#8217;axe Nord-Sud.<\/p>\n<p><img decoding=\"async\" class=\"lazyload size-full wp-image-109 aligncenter\" src=\"http:\/\/mge-greenservice.com\/w\/wp-content\/uploads\/2014\/06\/Localisation-image-3.jpg\" data-orig-src=\"http:\/\/mge-greenservice.com\/w\/wp-content\/uploads\/2014\/06\/Localisation-image-3.jpg\" alt=\"Localisation image 3\" width=\"450\" height=\"378\" srcset=\"data:image\/svg+xml,%3Csvg%20xmlns%3D%27http%3A%2F%2Fwww.w3.org%2F2000%2Fsvg%27%20width%3D%27450%27%20height%3D%27378%27%20viewBox%3D%270%200%20450%20378%27%3E%3Crect%20width%3D%27450%27%20height%3D%27378%27%20fill-opacity%3D%220%22%2F%3E%3C%2Fsvg%3E\" data-srcset=\"https:\/\/mge-greenservice.com\/w\/wp-content\/uploads\/2014\/06\/Localisation-image-3-300x252.jpg 300w, https:\/\/mge-greenservice.com\/w\/wp-content\/uploads\/2014\/06\/Localisation-image-3.jpg 450w\" data-sizes=\"auto\" data-orig-sizes=\"(max-width: 450px) 100vw, 450px\" \/><\/p>\n<p>Cette position g\u00e9ographique privil\u00e9gi\u00e9e se retrouve dans les infrastructures autorouti\u00e8res (5 branches d&#8217;autoroutes\u00a0d\u00e9servent la Sarthe et Le Mans) et de trains \u00e0 grande vitesse (TGV, liaisons en 50 minutes vers Paris\u00a0et\u00a01h30 vers l&#8217;a\u00e9roport de Paris Roissy\u00a0Charles de Gaulle).<\/p>\n<p><img decoding=\"async\" class=\"lazyload size-full wp-image-111 aligncenter\" src=\"http:\/\/mge-greenservice.com\/w\/wp-content\/uploads\/2014\/06\/Localisation-image-4.jpg\" data-orig-src=\"http:\/\/mge-greenservice.com\/w\/wp-content\/uploads\/2014\/06\/Localisation-image-4.jpg\" alt=\"Localisation image 4\" width=\"450\" height=\"336\" srcset=\"data:image\/svg+xml,%3Csvg%20xmlns%3D%27http%3A%2F%2Fwww.w3.org%2F2000%2Fsvg%27%20width%3D%27450%27%20height%3D%27336%27%20viewBox%3D%270%200%20450%20336%27%3E%3Crect%20width%3D%27450%27%20height%3D%27336%27%20fill-opacity%3D%220%22%2F%3E%3C%2Fsvg%3E\" data-srcset=\"https:\/\/mge-greenservice.com\/w\/wp-content\/uploads\/2014\/06\/Localisation-image-4-300x224.jpg 300w, https:\/\/mge-greenservice.com\/w\/wp-content\/uploads\/2014\/06\/Localisation-image-4.jpg 450w\" data-sizes=\"auto\" data-orig-sizes=\"(max-width: 450px) 100vw, 450px\" \/><\/p>\n<h2>Etoile ferroviaire<\/h2>\n<p>\u00e0 2H25 de Lille \u2022 \u00e0 3H de Lyon \u2022 \u00e0 3H30 de Bruxelles<\/p>\n<p>\u00e0 4H de Strasbourg \u2022 \u00e0 4H de Londres \u2022 \u00e0 4H45 de Marseille<\/p>\n<h2>Etoile autorouti\u00e8re<\/h2>\n<p>A28 Angleterre &#8211; Espagne par Rouen \u2022 A11 Le Mans &#8211; Paris \u2022 A11 Le Mans &#8211; Angers &#8211; Nantes<\/p>\n<p>A81 Le Mans &#8211; Rennes \u2022 A28 Le Mans &#8211; Tours<\/p>\n<h2>A la porte de Paris<\/h2>\n<p>\u00e0 54 minutes de Paris-Montparnasse gare TGV \u2022 18 allers -retours par jour<\/p>\n<p>\u00e0 1H30 de l&#8217;a\u00e9roport Roissy Charles de Gaulle \u2022 a\u00e9roports d&#8217;affaires\u00a0: Le Mans, Angers (60 km)<\/p>\n<p><img decoding=\"async\" class=\"lazyload size-full wp-image-112 aligncenter\" src=\"http:\/\/mge-greenservice.com\/w\/wp-content\/uploads\/2014\/06\/Localisation-image-5.jpg\" data-orig-src=\"http:\/\/mge-greenservice.com\/w\/wp-content\/uploads\/2014\/06\/Localisation-image-5.jpg\" alt=\"Localisation image 5\" width=\"450\" height=\"299\" srcset=\"data:image\/svg+xml,%3Csvg%20xmlns%3D%27http%3A%2F%2Fwww.w3.org%2F2000%2Fsvg%27%20width%3D%27450%27%20height%3D%27299%27%20viewBox%3D%270%200%20450%20299%27%3E%3Crect%20width%3D%27450%27%20height%3D%27299%27%20fill-opacity%3D%220%22%2F%3E%3C%2Fsvg%3E\" data-srcset=\"https:\/\/mge-greenservice.com\/w\/wp-content\/uploads\/2014\/06\/Localisation-image-5-300x199.jpg 300w, https:\/\/mge-greenservice.com\/w\/wp-content\/uploads\/2014\/06\/Localisation-image-5.jpg 450w\" data-sizes=\"auto\" data-orig-sizes=\"(max-width: 450px) 100vw, 450px\" \/><\/p>\n<p>La Sarthe et les Pays de la Loire est une r\u00e9gion d&#8217;\u00e9quilibre (ville-nature), tr\u00e8s dynamique avec un\u00a0tissus \u00e9conomique diversifi\u00e9 entre l&#8217;industrie (m\u00e9canique, automobile, \u00e9lectronique, plasturgie,&#8230;) les services (assurances, tourisme, transport logistique, grande distribution,&#8230;) et les activit\u00e9s agricoles traditionnelles (les produits du terroir reconnus internationalement\u00a0: poulet et autres volailles de Lou\u00e9, rillettes de la Sarthe,&#8230;).<\/p>\n<p><img decoding=\"async\" class=\"lazyload size-full wp-image-113 aligncenter\" src=\"http:\/\/mge-greenservice.com\/w\/wp-content\/uploads\/2014\/06\/Localisation-image-6.jpg\" data-orig-src=\"http:\/\/mge-greenservice.com\/w\/wp-content\/uploads\/2014\/06\/Localisation-image-6.jpg\" alt=\"Localisation image 6\" width=\"450\" height=\"216\" srcset=\"data:image\/svg+xml,%3Csvg%20xmlns%3D%27http%3A%2F%2Fwww.w3.org%2F2000%2Fsvg%27%20width%3D%27450%27%20height%3D%27216%27%20viewBox%3D%270%200%20450%20216%27%3E%3Crect%20width%3D%27450%27%20height%3D%27216%27%20fill-opacity%3D%220%22%2F%3E%3C%2Fsvg%3E\" data-srcset=\"https:\/\/mge-greenservice.com\/w\/wp-content\/uploads\/2014\/06\/Localisation-image-6-300x144.jpg 300w, https:\/\/mge-greenservice.com\/w\/wp-content\/uploads\/2014\/06\/Localisation-image-6.jpg 450w\" data-sizes=\"auto\" data-orig-sizes=\"(max-width: 450px) 100vw, 450px\" \/><\/p>\n<p>Avec une agglom\u00e9ration &#8211; Le Mans M\u00e9tropole &#8211; de pr\u00e8s de\u00a0200.000 habitants\u00a0au sein d&#8217;un d\u00e9partement de\u00a0560.000 habitants,Le Mans\u00a0est \u00e9galement mondialement connue gr\u00e2ce aux c\u00e9l\u00e8bres\u00a024 Heures du Mans automobile\u00a0et aux nombreuses manifestations sportives se d\u00e9roulant tout au long de l&#8217;ann\u00e9e sur un p\u00f4le d&#8217;excellence sportive unique en France\u00a0:\u00a0circuit international des 24 Heures du Mans\u00a0(24 H auto, 24 H moto, 24 H camion, Grand Prix de France moto, DTM, Le Mans Classic,&#8230;),&#8230;<\/p>\n<p><img decoding=\"async\" class=\"lazyload size-full wp-image-114 aligncenter\" src=\"http:\/\/mge-greenservice.com\/w\/wp-content\/uploads\/2014\/06\/Localisation-image-7.jpg\" data-orig-src=\"http:\/\/mge-greenservice.com\/w\/wp-content\/uploads\/2014\/06\/Localisation-image-7.jpg\" alt=\"Localisation image 7\" width=\"450\" height=\"295\" srcset=\"data:image\/svg+xml,%3Csvg%20xmlns%3D%27http%3A%2F%2Fwww.w3.org%2F2000%2Fsvg%27%20width%3D%27450%27%20height%3D%27295%27%20viewBox%3D%270%200%20450%20295%27%3E%3Crect%20width%3D%27450%27%20height%3D%27295%27%20fill-opacity%3D%220%22%2F%3E%3C%2Fsvg%3E\" data-srcset=\"https:\/\/mge-greenservice.com\/w\/wp-content\/uploads\/2014\/06\/Localisation-image-7-300x196.jpg 300w, https:\/\/mge-greenservice.com\/w\/wp-content\/uploads\/2014\/06\/Localisation-image-7.jpg 450w\" data-sizes=\"auto\" data-orig-sizes=\"(max-width: 450px) 100vw, 450px\" \/><\/p>\n<p>&#8230;\u00e0 la\u00a0salle Antar\u00e8s\u00a0(l&#8217;\u00e9quipe de basket du Mans &#8211; le\u00a0<a href=\"http:\/\/www.msb.fr\/index.php\">MSB<\/a>\u00a0&#8211; joue les 1ers r\u00f4les en France depuis tr\u00e8s longtemps et a gagn\u00e9 la Coupe de France 2009 apr\u00e8s la Semaine des As) \u00e9galement utilis\u00e9e pour les concerts, l&#8217;hippodrome des Hunaudi\u00e8res\u00a0(le 1er site sportif du secteur cr\u00e9\u00e9 en 1851), le\u00a0golf des 24 Heures\u00a0(18 trous, Mulsanne), le\u00a0v\u00e9lodrome, et le\u00a0<a href=\"http:\/\/www.mmarena.fr\/index.php\">MMArena<\/a>, stade futuriste de conception r\u00e9volutionnaire pouvant accueillir 25.000 spectateurs en configuration sport et 42.000 spectateurs en configuration spectacle (concerts, grands shows,&#8230;).<\/p>\n<h1>Implantation<\/h1>\n<p style=\"text-align: center;\"><a href=\"http:\/\/mge-greenservice.com\/w\/wp-content\/uploads\/2016\/01\/plan-acc\u00e8s-MGE.jpg\"><img decoding=\"async\" class=\"lazyload aligncenter size-medium wp-image-2063\" src=\"http:\/\/mge-greenservice.com\/w\/wp-content\/uploads\/2016\/01\/plan-acc\u00e8s-MGE-300x190.jpg\" data-orig-src=\"http:\/\/mge-greenservice.com\/w\/wp-content\/uploads\/2016\/01\/plan-acc\u00e8s-MGE-300x190.jpg\" alt=\"plan acc\u00e8s MGE\" width=\"300\" height=\"190\" srcset=\"data:image\/svg+xml,%3Csvg%20xmlns%3D%27http%3A%2F%2Fwww.w3.org%2F2000%2Fsvg%27%20width%3D%27300%27%20height%3D%27190%27%20viewBox%3D%270%200%20300%20190%27%3E%3Crect%20width%3D%27300%27%20height%3D%27190%27%20fill-opacity%3D%220%22%2F%3E%3C%2Fsvg%3E\" data-srcset=\"https:\/\/mge-greenservice.com\/w\/wp-content\/uploads\/2016\/01\/plan-acc\u00e8s-MGE-300x190.jpg 300w, https:\/\/mge-greenservice.com\/w\/wp-content\/uploads\/2016\/01\/plan-acc\u00e8s-MGE-320x202.jpg 320w, https:\/\/mge-greenservice.com\/w\/wp-content\/uploads\/2016\/01\/plan-acc\u00e8s-MGE-700x441.jpg 700w, https:\/\/mge-greenservice.com\/w\/wp-content\/uploads\/2016\/01\/plan-acc\u00e8s-MGE-1024x647.jpg 1024w, https:\/\/mge-greenservice.com\/w\/wp-content\/uploads\/2016\/01\/plan-acc\u00e8s-MGE.jpg 1131w\" data-sizes=\"auto\" data-orig-sizes=\"(max-width: 300px) 100vw, 300px\" \/><\/a><\/p>\n<p>&nbsp;<\/p>\n","protected":false},"excerpt":{"rendered":"<p>Au c\u0153ur de l&#8217;Ouest Europ\u00e9en dynamique Europe L&#8217;Europe au sens large (51\u00a0pays) a une population de 744\u00a0millions d&#8217;habitants. L&#8217;Europe des 28\u00a0&#8211; Union Europ\u00e9enne dont la France est un des 6 pays fondateurs &#8211; compte 508\u00a0millions d&#8217;habitants (2015) et est la 1\u00e8re puissance \u00e9conomique du monde\u00a0avec pr\u00e8s de 24% du PIB mondial\u00a0en 2014(18 400\u00a0miliards de $US).<\/p>\n","protected":false},"author":2,"featured_media":0,"parent":0,"menu_order":0,"comment_status":"closed","ping_status":"closed","template":"","meta":{"_acf_changed":false,"footnotes":""},"class_list":["post-32","page","type-page","status-publish","hentry"],"acf":[],"yoast_head":"<!-- This site is optimized with the Yoast SEO plugin v27.2 - https:\/\/yoast.com\/product\/yoast-seo-wordpress\/ -->\n<title>Localisation<\/title>\n<meta name=\"description\" content=\"Au coeur de l&#039;Ouest Europ\u00e9en dynamique\" \/>\n<meta name=\"robots\" content=\"index, follow, max-snippet:-1, max-image-preview:large, max-video-preview:-1\" \/>\n<link rel=\"canonical\" href=\"https:\/\/mge-greenservice.com\/w\/localisation\/\" \/>\n<meta property=\"og:locale\" content=\"fr_FR\" \/>\n<meta property=\"og:type\" content=\"article\" \/>\n<meta property=\"og:title\" content=\"Localisation\" \/>\n<meta property=\"og:description\" content=\"Au coeur de l&#039;Ouest Europ\u00e9en dynamique\" \/>\n<meta property=\"og:url\" content=\"https:\/\/mge-greenservice.com\/w\/localisation\" \/>\n<meta property=\"og:site_name\" content=\"MGE Green Service\" \/>\n<meta property=\"article:modified_time\" content=\"2019-04-01T10:59:48+00:00\" \/>\n<meta property=\"og:image\" content=\"http:\/\/mge-greenservice.com\/w\/wp-content\/uploads\/2014\/06\/Localisation-image-1.jpg\" \/>\n<meta name=\"twitter:label1\" content=\"Dur\u00e9e de lecture estim\u00e9e\" \/>\n\t<meta name=\"twitter:data1\" content=\"3 minutes\" \/>\n<!-- \/ Yoast SEO plugin. -->","yoast_head_json":{"title":"Localisation","description":"Au coeur de l'Ouest Europ\u00e9en dynamique","robots":{"index":"index","follow":"follow","max-snippet":"max-snippet:-1","max-image-preview":"max-image-preview:large","max-video-preview":"max-video-preview:-1"},"canonical":"https:\/\/mge-greenservice.com\/w\/localisation\/","og_locale":"fr_FR","og_type":"article","og_title":"Localisation","og_description":"Au coeur de l'Ouest Europ\u00e9en dynamique","og_url":"https:\/\/mge-greenservice.com\/w\/localisation","og_site_name":"MGE Green Service","article_modified_time":"2019-04-01T10:59:48+00:00","og_image":[{"url":"http:\/\/mge-greenservice.com\/w\/wp-content\/uploads\/2014\/06\/Localisation-image-1.jpg","type":"","width":"","height":""}],"twitter_misc":{"Dur\u00e9e de lecture estim\u00e9e":"3 minutes"},"schema":{"@context":"https:\/\/schema.org","@graph":[{"@type":"WebPage","@id":"https:\/\/mge-greenservice.com\/w\/localisation\/","url":"https:\/\/mge-greenservice.com\/w\/localisation","name":"Localisation","isPartOf":{"@id":"https:\/\/mge-greenservice.com\/w\/#website"},"primaryImageOfPage":{"@id":"https:\/\/mge-greenservice.com\/w\/localisation#primaryimage"},"image":{"@id":"https:\/\/mge-greenservice.com\/w\/localisation#primaryimage"},"thumbnailUrl":"http:\/\/mge-greenservice.com\/w\/wp-content\/uploads\/2014\/06\/Localisation-image-1.jpg","datePublished":"2014-06-30T14:52:28+00:00","dateModified":"2019-04-01T10:59:48+00:00","description":"Au coeur de l'Ouest Europ\u00e9en dynamique","breadcrumb":{"@id":"https:\/\/mge-greenservice.com\/w\/localisation#breadcrumb"},"inLanguage":"fr-FR","potentialAction":[{"@type":"ReadAction","target":["https:\/\/mge-greenservice.com\/w\/localisation"]}]},{"@type":"ImageObject","inLanguage":"fr-FR","@id":"https:\/\/mge-greenservice.com\/w\/localisation#primaryimage","url":"http:\/\/mge-greenservice.com\/w\/wp-content\/uploads\/2014\/06\/Localisation-image-1.jpg","contentUrl":"http:\/\/mge-greenservice.com\/w\/wp-content\/uploads\/2014\/06\/Localisation-image-1.jpg"},{"@type":"BreadcrumbList","@id":"https:\/\/mge-greenservice.com\/w\/localisation#breadcrumb","itemListElement":[{"@type":"ListItem","position":1,"name":"Accueil","item":"https:\/\/mge-greenservice.com\/w\/"},{"@type":"ListItem","position":2,"name":"Localisation"}]},{"@type":"WebSite","@id":"https:\/\/mge-greenservice.com\/w\/#website","url":"https:\/\/mge-greenservice.com\/w\/","name":"MGE Green Service","description":"L&#039;avenir s&#039;\u00e9crit en Vert","publisher":{"@id":"https:\/\/mge-greenservice.com\/w\/#organization"},"potentialAction":[{"@type":"SearchAction","target":{"@type":"EntryPoint","urlTemplate":"https:\/\/mge-greenservice.com\/w\/?s={search_term_string}"},"query-input":{"@type":"PropertyValueSpecification","valueRequired":true,"valueName":"search_term_string"}}],"inLanguage":"fr-FR"},{"@type":"Organization","@id":"https:\/\/mge-greenservice.com\/w\/#organization","name":"MGE Green Service","url":"https:\/\/mge-greenservice.com\/w\/","logo":{"@type":"ImageObject","inLanguage":"fr-FR","@id":"https:\/\/mge-greenservice.com\/w\/#\/schema\/logo\/image\/","url":"https:\/\/mge-greenservice.com\/w\/wp-content\/uploads\/2014\/06\/MGE-Green-service-logo-header.png","contentUrl":"https:\/\/mge-greenservice.com\/w\/wp-content\/uploads\/2014\/06\/MGE-Green-service-logo-header.png","width":295,"height":75,"caption":"MGE Green Service"},"image":{"@id":"https:\/\/mge-greenservice.com\/w\/#\/schema\/logo\/image\/"}}]}},"amp_enabled":true,"_links":{"self":[{"href":"https:\/\/mge-greenservice.com\/w\/wp-json\/wp\/v2\/pages\/32","targetHints":{"allow":["GET"]}}],"collection":[{"href":"https:\/\/mge-greenservice.com\/w\/wp-json\/wp\/v2\/pages"}],"about":[{"href":"https:\/\/mge-greenservice.com\/w\/wp-json\/wp\/v2\/types\/page"}],"author":[{"embeddable":true,"href":"https:\/\/mge-greenservice.com\/w\/wp-json\/wp\/v2\/users\/2"}],"replies":[{"embeddable":true,"href":"https:\/\/mge-greenservice.com\/w\/wp-json\/wp\/v2\/comments?post=32"}],"version-history":[{"count":10,"href":"https:\/\/mge-greenservice.com\/w\/wp-json\/wp\/v2\/pages\/32\/revisions"}],"predecessor-version":[{"id":3055,"href":"https:\/\/mge-greenservice.com\/w\/wp-json\/wp\/v2\/pages\/32\/revisions\/3055"}],"wp:attachment":[{"href":"https:\/\/mge-greenservice.com\/w\/wp-json\/wp\/v2\/media?parent=32"}],"curies":[{"name":"wp","href":"https:\/\/api.w.org\/{rel}","templated":true}]}}