{"id":4286,"date":"2019-06-03T16:08:30","date_gmt":"2019-06-03T15:08:30","guid":{"rendered":"https:\/\/mge-greenservice.com\/w?page_id=4286"},"modified":"2025-11-05T15:09:41","modified_gmt":"2025-11-05T14:09:41","slug":"mean-green","status":"publish","type":"page","link":"https:\/\/mge-greenservice.com\/w\/mean-green\/","title":{"rendered":"MEAN GREEN : tondeuses \u00e0 gazon professionnelles 100% \u00e9lectrique z\u00e9ro CO2 \u2013 batteries lithium-ion"},"content":{"rendered":"<div class=\"fusion-fullwidth fullwidth-box fusion-builder-row-1 nonhundred-percent-fullwidth non-hundred-percent-height-scrolling\" style=\"--awb-border-radius-top-left:0px;--awb-border-radius-top-right:0px;--awb-border-radius-bottom-right:0px;--awb-border-radius-bottom-left:0px;--awb-flex-wrap:wrap;\" ><div class=\"fusion-builder-row fusion-row\"><div class=\"fusion-layout-column fusion_builder_column fusion-builder-column-0 fusion_builder_column_1_1 1_1 fusion-one-full fusion-column-first fusion-column-last\" style=\"--awb-bg-size:cover;--awb-margin-bottom:0px;\"><div class=\"fusion-column-wrapper fusion-flex-column-wrapper-legacy\"><div class=\"fusion-text fusion-text-1\"><h4><a href=\"https:\/\/mge-greenservice.com\/w\/wp-content\/uploads\/2020\/11\/All-Mean-Green-1-scaled.jpg\"><img decoding=\"async\" class=\"lazyload aligncenter wp-image-8352 size-large\" src=\"https:\/\/mge-greenservice.com\/w\/wp-content\/uploads\/2020\/11\/All-Mean-Green-1-1024x683.jpg\" data-orig-src=\"https:\/\/mge-greenservice.com\/w\/wp-content\/uploads\/2020\/11\/All-Mean-Green-1-1024x683.jpg\" alt=\"\" width=\"1024\" height=\"683\" srcset=\"data:image\/svg+xml,%3Csvg%20xmlns%3D%27http%3A%2F%2Fwww.w3.org%2F2000%2Fsvg%27%20width%3D%271024%27%20height%3D%27683%27%20viewBox%3D%270%200%201024%20683%27%3E%3Crect%20width%3D%271024%27%20height%3D%27683%27%20fill-opacity%3D%220%22%2F%3E%3C%2Fsvg%3E\" data-srcset=\"https:\/\/mge-greenservice.com\/w\/wp-content\/uploads\/2020\/11\/All-Mean-Green-1-200x133.jpg 200w, https:\/\/mge-greenservice.com\/w\/wp-content\/uploads\/2020\/11\/All-Mean-Green-1-300x200.jpg 300w, https:\/\/mge-greenservice.com\/w\/wp-content\/uploads\/2020\/11\/All-Mean-Green-1-400x267.jpg 400w, https:\/\/mge-greenservice.com\/w\/wp-content\/uploads\/2020\/11\/All-Mean-Green-1-600x400.jpg 600w, https:\/\/mge-greenservice.com\/w\/wp-content\/uploads\/2020\/11\/All-Mean-Green-1-768x513.jpg 768w, https:\/\/mge-greenservice.com\/w\/wp-content\/uploads\/2020\/11\/All-Mean-Green-1-800x534.jpg 800w, https:\/\/mge-greenservice.com\/w\/wp-content\/uploads\/2020\/11\/All-Mean-Green-1-1024x683.jpg 1024w, https:\/\/mge-greenservice.com\/w\/wp-content\/uploads\/2020\/11\/All-Mean-Green-1-1200x801.jpg 1200w, https:\/\/mge-greenservice.com\/w\/wp-content\/uploads\/2020\/11\/All-Mean-Green-1-1536x1025.jpg 1536w\" data-sizes=\"auto\" data-orig-sizes=\"(max-width: 1024px) 100vw, 1024px\" \/><\/a><\/h4>\n<h4 style=\"text-align: center;\"><span style=\"font-size: 14pt;\"><strong>THE FUTURE IS GREEN<\/strong><\/span><\/h4>\n<h2 style=\"text-align: center;\">TONDEUSES PROFESSIONNELLES 100% ELECTRIQUES<\/h2>\n<p style=\"text-align: justify;\">\nFruit d\u2019une collaboration d\u00e9marr\u00e9e en 2015 entre MGE (France, Europe) et MEAN GREEN MOWERS (Etats-Unis), la 1\u00e8re gamme de tondeuses \u00e0 gazon professionnelles 100% \u00e9lectriques est d\u00e9sormais disponible sur le continent europ\u00e9en. Issus de l\u2019a\u00e9ronautique, les concepteurs des tondeuses MEAN GREEN d\u00e9veloppent depuis 2008 une gamme compl\u00e8te de tondeuses \u00e9lectriques \u00e0 batteries lithium-ion faisant appel aux technologies de l\u2019industrie automobile.<\/p>\n<p style=\"text-align: justify;\">Aujourd\u2019hui la gamme de tondeuses MEAN GREEN compl\u00e8te le \u2018secteur gazon\u2019 de MGE GREEN SERVICE (avec TRIMAX, SPIDER, GKB et TRILO) et apporte une \u2018v\u00e9ritable solution verte et durable\u2019 ainsi que des arguments sans \u00e9gal aux professionnels : z\u00e9ro \u00e9mission de polluants atmosph\u00e9riques (z\u00e9ro CO2, z\u00e9ro NOX, z\u00e9ro \u2018smog\u2019), z\u00e9ro consommation d\u2019\u00e9nergie fossile (carburant), z\u00e9ro utilisation de fluides hydrocarbon\u00e9s (huiles, graisses, huiles hydrauliques), faible niveau sonore, faible niveau de vibrations, entretien minimum, dur\u00e9e de vie prolong\u00e9e du mat\u00e9riel et retour rapide sur investissement. Avec MEAN GREEN la pr\u00e9servation de l\u2019environnement (pollutions, nuisances sonores) n\u2019a d\u2019\u00e9gal que la protection du public et la pr\u00e9servation de la sant\u00e9 de l\u2019op\u00e9rateur.<\/p>\n<h3 style=\"text-align: justify;\">Que faites-vous pour votre plan\u00e8te ? \u2026.pour vos op\u00e9rateurs ? \u2026.pour l\u2019environnement de vos clients et des habitants de votre ville ?<\/h3>\n<p>MEAN GREEN : la green technologie au service de la tonte \u00e0 braquage z\u00e9ro type \u2018Z\u2019 (Zero Turn Radius)<\/p>\n<ul>\n<li style=\"text-align: justify;\"><strong>Fonctionnement des tondeuses \u00e9lectriques MEAN GREEN Z\u00e9ro Turn :<\/strong> Tondeuses \u00e9lectriques avec moteurs de transmissions \u00e9lectriques situ\u00e9s dans les roues arri\u00e8re et pouvant \u00eatre pilot\u00e9s individuellement \u00e0 l\u2019aide des leviers de commande. L\u2019ensemble des organes de commande sont \u00e9lectriques pour un confort d\u2019utilisation optimal : r\u00e9glages de hauteur de coupe, relevage rapide du plateau de tonte, d\u00e9marrage \/arr\u00eat, vitesses d\u2019avance de la tondeuse, d\u00e9marrage des moteurs de lames, vitesses de rotation des lames, \u00e9clairage LED ou souffleur frontal orientable.<\/li>\n<\/ul>\n<ul>\n<li style=\"text-align: justify;\"><strong>Avantages :<\/strong> Les tondeuses MEAN GREEN Z\u00e9ro Turn se pilotent avec une tr\u00e8s grande pr\u00e9cision et offrent une exceptionnelle man\u0153uvrabilit\u00e9, d\u2019o\u00f9 leur rendement recherch\u00e9. La compacit\u00e9 et le poids r\u00e9duit des tondeuses autoport\u00e9es MEAN GREEN (ch\u00e2ssis et plateau en aluminium) r\u00e9duit leur consommation d\u2019\u00e9nergie \u00e9lectrique et permet leur transport ais\u00e9. Le <strong>niveau sonore tr\u00e8s minor\u00e9<\/strong> (de 2 \u00e0 4 fois par rapport aux mat\u00e9riels thermiques du march\u00e9), le <strong>faible niveau de vibrations<\/strong> et bien s\u00fbr <strong>l\u2019absence totale d\u2019\u00e9missions de polluants atmosph\u00e9riques<\/strong> (z\u00e9ro CO2, z\u00e9ro NOX, z\u00e9ro \u2018smog\u2019) repr\u00e9sentent des avantages \u00e9normes. Et en plus elles sont moins on\u00e9reuses (co\u00fbt d\u2019achat et co\u00fbt op\u00e9rationnel inclus) que les tondeuses thermiques.<\/li>\n<\/ul>\n<ul>\n<li style=\"text-align: justify;\"><strong>Contexte d\u2019utilisation :<\/strong> Tonte et entretien de parcs, plaines de jeux, sols sportifs, pelouses vari\u00e9es avec pr\u00e9sence d\u2019arbres ou de massifs \u00e0 con tourner, jardins d\u2019agr\u00e9ment (particuliers).<\/li>\n<\/ul>\n<\/div><div class=\"fusion-aligncenter\"><a class=\"fusion-button button-flat button-xlarge button-green fusion-button-green button-1 fusion-button-default-span \" style=\"--button_text_transform:none;--button_margin-top:30px;--button_margin-bottom:50px;\" target=\"_blank\" rel=\"noopener noreferrer\" href=\"https:\/\/mge-greenservice.com\/w\/wp-content\/uploads\/2025\/11\/Catalogue-MEANGREEN-FRANCE-2024-Version1.pdf\"><i class=\"fa-file-pdf fas awb-button__icon awb-button__icon--default button-icon-left\" aria-hidden=\"true\"><\/i><span class=\"fusion-button-text awb-button__text awb-button__text--default\">Cliquez ici pour t\u00e9l\u00e9charger notre Catalogue Mean Green<\/span><\/a><\/div><div class=\"fusion-clearfix\"><\/div><\/div><\/div><\/div><\/div>\n","protected":false},"excerpt":{"rendered":"","protected":false},"author":2,"featured_media":0,"parent":0,"menu_order":0,"comment_status":"closed","ping_status":"closed","template":"produits.php","meta":{"_acf_changed":false,"footnotes":""},"class_list":["post-4286","page","type-page","status-publish","hentry"],"acf":[],"yoast_head":"<!-- This site is optimized with the Yoast SEO plugin v27.2 - https:\/\/yoast.com\/product\/yoast-seo-wordpress\/ -->\n<title>Tondeuses gazon \u00e0 batteries professionnelles \u00e9lectriques - MEAN GREEN<\/title>\n<meta name=\"description\" content=\"La 1\u00e8re gamme de tondeuses \u00e0 gazon professionnelles avec batteries 100% \u00e9lectrique disponible en Europe ! Angle de braquage z\u00e9ro (STR).\" \/>\n<meta name=\"robots\" content=\"index, follow, max-snippet:-1, max-image-preview:large, max-video-preview:-1\" \/>\n<link rel=\"canonical\" href=\"https:\/\/mge-greenservice.com\/w\/mean-green\/\" \/>\n<meta property=\"og:locale\" content=\"fr_FR\" \/>\n<meta property=\"og:type\" content=\"article\" \/>\n<meta property=\"og:title\" content=\"Tondeuses gazon \u00e0 batteries professionnelles \u00e9lectriques - MEAN GREEN\" \/>\n<meta property=\"og:description\" content=\"La 1\u00e8re gamme de tondeuses \u00e0 gazon professionnelles avec batteries 100% \u00e9lectrique disponible en Europe ! Angle de braquage z\u00e9ro (STR).\" \/>\n<meta property=\"og:url\" content=\"https:\/\/mge-greenservice.com\/w\/mean-green\/\" \/>\n<meta property=\"og:site_name\" content=\"MGE Green Service\" \/>\n<meta property=\"article:modified_time\" content=\"2025-11-05T14:09:41+00:00\" \/>\n<meta property=\"og:image\" content=\"https:\/\/mge-greenservice.com\/w\/wp-content\/uploads\/2020\/11\/All-Mean-Green-1-scaled.jpg\" \/>\n\t<meta property=\"og:image:width\" content=\"2560\" \/>\n\t<meta property=\"og:image:height\" content=\"1709\" \/>\n\t<meta property=\"og:image:type\" content=\"image\/jpeg\" \/>\n<meta name=\"twitter:label1\" content=\"Dur\u00e9e de lecture estim\u00e9e\" \/>\n\t<meta name=\"twitter:data1\" content=\"3 minutes\" \/>\n<!-- \/ Yoast SEO plugin. -->","yoast_head_json":{"title":"Tondeuses gazon \u00e0 batteries professionnelles \u00e9lectriques - MEAN GREEN","description":"La 1\u00e8re gamme de tondeuses \u00e0 gazon professionnelles avec batteries 100% \u00e9lectrique disponible en Europe ! Angle de braquage z\u00e9ro (STR).","robots":{"index":"index","follow":"follow","max-snippet":"max-snippet:-1","max-image-preview":"max-image-preview:large","max-video-preview":"max-video-preview:-1"},"canonical":"https:\/\/mge-greenservice.com\/w\/mean-green\/","og_locale":"fr_FR","og_type":"article","og_title":"Tondeuses gazon \u00e0 batteries professionnelles \u00e9lectriques - MEAN GREEN","og_description":"La 1\u00e8re gamme de tondeuses \u00e0 gazon professionnelles avec batteries 100% \u00e9lectrique disponible en Europe ! Angle de braquage z\u00e9ro (STR).","og_url":"https:\/\/mge-greenservice.com\/w\/mean-green\/","og_site_name":"MGE Green Service","article_modified_time":"2025-11-05T14:09:41+00:00","og_image":[{"width":2560,"height":1709,"url":"https:\/\/mge-greenservice.com\/w\/wp-content\/uploads\/2020\/11\/All-Mean-Green-1-scaled.jpg","type":"image\/jpeg"}],"twitter_misc":{"Dur\u00e9e de lecture estim\u00e9e":"3 minutes"},"schema":{"@context":"https:\/\/schema.org","@graph":[{"@type":"WebPage","@id":"https:\/\/mge-greenservice.com\/w\/mean-green\/","url":"https:\/\/mge-greenservice.com\/w\/mean-green\/","name":"Tondeuses gazon \u00e0 batteries professionnelles \u00e9lectriques - MEAN GREEN","isPartOf":{"@id":"https:\/\/mge-greenservice.com\/w\/#website"},"primaryImageOfPage":{"@id":"https:\/\/mge-greenservice.com\/w\/mean-green\/#primaryimage"},"image":{"@id":"https:\/\/mge-greenservice.com\/w\/mean-green\/#primaryimage"},"thumbnailUrl":"https:\/\/mge-greenservice.com\/w\/wp-content\/uploads\/2020\/11\/All-Mean-Green-1-1024x683.jpg","datePublished":"2019-06-03T15:08:30+00:00","dateModified":"2025-11-05T14:09:41+00:00","description":"La 1\u00e8re gamme de tondeuses \u00e0 gazon professionnelles avec batteries 100% \u00e9lectrique disponible en Europe ! Angle de braquage z\u00e9ro (STR).","breadcrumb":{"@id":"https:\/\/mge-greenservice.com\/w\/mean-green\/#breadcrumb"},"inLanguage":"fr-FR","potentialAction":[{"@type":"ReadAction","target":["https:\/\/mge-greenservice.com\/w\/mean-green\/"]}]},{"@type":"ImageObject","inLanguage":"fr-FR","@id":"https:\/\/mge-greenservice.com\/w\/mean-green\/#primaryimage","url":"https:\/\/mge-greenservice.com\/w\/wp-content\/uploads\/2020\/11\/All-Mean-Green-1-scaled.jpg","contentUrl":"https:\/\/mge-greenservice.com\/w\/wp-content\/uploads\/2020\/11\/All-Mean-Green-1-scaled.jpg","width":2560,"height":1709},{"@type":"BreadcrumbList","@id":"https:\/\/mge-greenservice.com\/w\/mean-green\/#breadcrumb","itemListElement":[{"@type":"ListItem","position":1,"name":"Accueil","item":"https:\/\/mge-greenservice.com\/w\/"},{"@type":"ListItem","position":2,"name":"MEAN GREEN : tondeuses \u00e0 gazon professionnelles 100% \u00e9lectrique z\u00e9ro CO2 \u2013 batteries lithium-ion"}]},{"@type":"WebSite","@id":"https:\/\/mge-greenservice.com\/w\/#website","url":"https:\/\/mge-greenservice.com\/w\/","name":"MGE Green Service","description":"L&#039;avenir s&#039;\u00e9crit en Vert","publisher":{"@id":"https:\/\/mge-greenservice.com\/w\/#organization"},"potentialAction":[{"@type":"SearchAction","target":{"@type":"EntryPoint","urlTemplate":"https:\/\/mge-greenservice.com\/w\/?s={search_term_string}"},"query-input":{"@type":"PropertyValueSpecification","valueRequired":true,"valueName":"search_term_string"}}],"inLanguage":"fr-FR"},{"@type":"Organization","@id":"https:\/\/mge-greenservice.com\/w\/#organization","name":"MGE Green Service","url":"https:\/\/mge-greenservice.com\/w\/","logo":{"@type":"ImageObject","inLanguage":"fr-FR","@id":"https:\/\/mge-greenservice.com\/w\/#\/schema\/logo\/image\/","url":"https:\/\/mge-greenservice.com\/w\/wp-content\/uploads\/2014\/06\/MGE-Green-service-logo-header.png","contentUrl":"https:\/\/mge-greenservice.com\/w\/wp-content\/uploads\/2014\/06\/MGE-Green-service-logo-header.png","width":295,"height":75,"caption":"MGE Green Service"},"image":{"@id":"https:\/\/mge-greenservice.com\/w\/#\/schema\/logo\/image\/"}}]}},"amp_enabled":false,"_links":{"self":[{"href":"https:\/\/mge-greenservice.com\/w\/wp-json\/wp\/v2\/pages\/4286","targetHints":{"allow":["GET"]}}],"collection":[{"href":"https:\/\/mge-greenservice.com\/w\/wp-json\/wp\/v2\/pages"}],"about":[{"href":"https:\/\/mge-greenservice.com\/w\/wp-json\/wp\/v2\/types\/page"}],"author":[{"embeddable":true,"href":"https:\/\/mge-greenservice.com\/w\/wp-json\/wp\/v2\/users\/2"}],"replies":[{"embeddable":true,"href":"https:\/\/mge-greenservice.com\/w\/wp-json\/wp\/v2\/comments?post=4286"}],"version-history":[{"count":20,"href":"https:\/\/mge-greenservice.com\/w\/wp-json\/wp\/v2\/pages\/4286\/revisions"}],"predecessor-version":[{"id":52016,"href":"https:\/\/mge-greenservice.com\/w\/wp-json\/wp\/v2\/pages\/4286\/revisions\/52016"}],"wp:attachment":[{"href":"https:\/\/mge-greenservice.com\/w\/wp-json\/wp\/v2\/media?parent=4286"}],"curies":[{"name":"wp","href":"https:\/\/api.w.org\/{rel}","templated":true}]}}