{"id":44,"date":"2014-06-30T15:54:28","date_gmt":"2014-06-30T14:54:28","guid":{"rendered":"http:\/\/mge-greenservice.com\/w\/?page_id=44"},"modified":"2025-11-05T15:36:55","modified_gmt":"2025-11-05T14:36:55","slug":"gkb","status":"publish","type":"page","link":"https:\/\/mge-greenservice.com\/w\/gkb\/","title":{"rendered":"GKB, r\u00e9novation \/ entretien de sols sportifs engazonn\u00e9s et de terrains synth\u00e9tiques"},"content":{"rendered":"<p><div class=\"fusion-fullwidth fullwidth-box fusion-builder-row-1 fusion-flex-container has-pattern-background has-mask-background nonhundred-percent-fullwidth non-hundred-percent-height-scrolling\" style=\"--awb-border-radius-top-left:0px;--awb-border-radius-top-right:0px;--awb-border-radius-bottom-right:0px;--awb-border-radius-bottom-left:0px;--awb-flex-wrap:wrap;\" ><div class=\"fusion-builder-row fusion-row fusion-flex-align-items-flex-start fusion-flex-content-wrap\" style=\"max-width:1144px;margin-left: calc(-4% \/ 2 );margin-right: calc(-4% \/ 2 );\"><div class=\"fusion-layout-column fusion_builder_column fusion-builder-column-0 fusion_builder_column_1_1 1_1 fusion-flex-column\" style=\"--awb-bg-size:cover;--awb-width-large:100%;--awb-margin-top-large:0px;--awb-spacing-right-large:1.92%;--awb-margin-bottom-large:20px;--awb-spacing-left-large:1.92%;--awb-width-medium:100%;--awb-order-medium:0;--awb-spacing-right-medium:1.92%;--awb-spacing-left-medium:1.92%;--awb-width-small:100%;--awb-order-small:0;--awb-spacing-right-small:1.92%;--awb-spacing-left-small:1.92%;\"><div class=\"fusion-column-wrapper fusion-column-has-shadow fusion-flex-justify-content-flex-start fusion-content-layout-column\"><div class=\"fusion-text fusion-text-1\" style=\"--awb-content-alignment:center;\"><p><a href=\"https:\/\/mge-greenservice.com\/w\/wp-content\/uploads\/2025\/11\/IMG_20221018_155639-scaled.jpg\"><img decoding=\"async\" class=\"lazyload alignnone  wp-image-52021\" src=\"https:\/\/mge-greenservice.com\/w\/wp-content\/uploads\/2025\/11\/IMG_20221018_155639-300x225.jpg\" data-orig-src=\"https:\/\/mge-greenservice.com\/w\/wp-content\/uploads\/2025\/11\/IMG_20221018_155639-300x225.jpg\" alt=\"\" width=\"576\" height=\"432\" srcset=\"data:image\/svg+xml,%3Csvg%20xmlns%3D%27http%3A%2F%2Fwww.w3.org%2F2000%2Fsvg%27%20width%3D%27576%27%20height%3D%27432%27%20viewBox%3D%270%200%20576%20432%27%3E%3Crect%20width%3D%27576%27%20height%3D%27432%27%20fill-opacity%3D%220%22%2F%3E%3C%2Fsvg%3E\" data-srcset=\"https:\/\/mge-greenservice.com\/w\/wp-content\/uploads\/2025\/11\/IMG_20221018_155639-200x150.jpg 200w, https:\/\/mge-greenservice.com\/w\/wp-content\/uploads\/2025\/11\/IMG_20221018_155639-300x225.jpg 300w, https:\/\/mge-greenservice.com\/w\/wp-content\/uploads\/2025\/11\/IMG_20221018_155639-400x300.jpg 400w, https:\/\/mge-greenservice.com\/w\/wp-content\/uploads\/2025\/11\/IMG_20221018_155639-600x450.jpg 600w, https:\/\/mge-greenservice.com\/w\/wp-content\/uploads\/2025\/11\/IMG_20221018_155639-768x576.jpg 768w, https:\/\/mge-greenservice.com\/w\/wp-content\/uploads\/2025\/11\/IMG_20221018_155639-800x600.jpg 800w, https:\/\/mge-greenservice.com\/w\/wp-content\/uploads\/2025\/11\/IMG_20221018_155639-1024x768.jpg 1024w, https:\/\/mge-greenservice.com\/w\/wp-content\/uploads\/2025\/11\/IMG_20221018_155639-1200x900.jpg 1200w, https:\/\/mge-greenservice.com\/w\/wp-content\/uploads\/2025\/11\/IMG_20221018_155639-1536x1152.jpg 1536w\" data-sizes=\"auto\" data-orig-sizes=\"(max-width: 576px) 100vw, 576px\" \/><\/a><\/p>\n<h3 data-start=\"163\" data-end=\"254\"><strong data-start=\"167\" data-end=\"254\">GKB \u2013 L\u2019expertise hollandaise de l\u2019entretien des terrains sportifs et espaces verts<\/strong><\/h3>\n<p data-start=\"256\" data-end=\"650\">Depuis plus de <strong data-start=\"271\" data-end=\"281\">50 ans<\/strong>, <strong data-start=\"283\" data-end=\"299\">GKB Machines<\/strong> con\u00e7oit et fabrique aux <strong data-start=\"324\" data-end=\"336\">Pays-Bas<\/strong> des \u00e9quipements de haute qualit\u00e9 destin\u00e9s \u00e0 l\u2019<strong data-start=\"383\" data-end=\"450\">entretien des terrains de sport, des golfs et des espaces verts<\/strong>. Forte de son savoir-faire et de son exigence en mati\u00e8re d\u2019ing\u00e9nierie, la marque est aujourd\u2019hui reconnue dans le monde entier pour la <strong data-start=\"586\" data-end=\"631\">robustesse, la pr\u00e9cision et la durabilit\u00e9<\/strong> de ses machines.<\/p>\n<p data-start=\"652\" data-end=\"1080\">La gamme <strong data-start=\"661\" data-end=\"668\">GKB<\/strong> couvre l\u2019ensemble des besoins des professionnels du gazon et des collectivit\u00e9s : <strong data-start=\"750\" data-end=\"880\">nivellement, sablage, a\u00e9ration, d\u00e9feutrage, balayage, ramassage des d\u00e9chets, entretien des terrains synth\u00e9tiques, et soufflage<\/strong>. Chaque machine est d\u00e9velopp\u00e9e en collaboration avec des <strong data-start=\"938\" data-end=\"968\">experts du secteur sportif<\/strong> afin d\u2019assurer une <strong data-start=\"988\" data-end=\"1019\">qualit\u00e9 de travail optimale<\/strong>, tout en <strong data-start=\"1029\" data-end=\"1077\">pr\u00e9servant la structure et la sant\u00e9 des sols<\/strong>.<\/p>\n<p data-start=\"1082\" data-end=\"1466\">Engag\u00e9e dans une d\u00e9marche de <strong data-start=\"1111\" data-end=\"1154\">fiabilit\u00e9, d\u2019efficacit\u00e9 et d\u2019innovation<\/strong>, <strong data-start=\"1156\" data-end=\"1163\">GKB<\/strong> propose des solutions con\u00e7ues pour durer, faciles \u00e0 entretenir et parfaitement adapt\u00e9es aux contraintes de l\u2019entretien quotidien des grands espaces. Choisir GKB, c\u2019est opter pour une <strong data-start=\"1347\" data-end=\"1372\">performance constante<\/strong> et une <strong data-start=\"1380\" data-end=\"1417\">qualit\u00e9 de finition irr\u00e9prochable<\/strong>, m\u00eame dans les conditions les plus exigeantes.<\/p>\n<\/div><div style=\"text-align:center;\"><a class=\"fusion-button button-flat button-xlarge button-blue fusion-button-blue button-1 fusion-button-default-span \" style=\"--button_text_transform:none;--button_margin-top:30px;--button_margin-bottom:50px;\" target=\"_blank\" rel=\"noopener noreferrer\" href=\"https:\/\/mge-greenservice.com\/w\/wp-content\/uploads\/2025\/11\/Catalogue-GKB-Machines-2025-version-reduite.pdf\"><i class=\"fa-file-pdf fas awb-button__icon awb-button__icon--default button-icon-left\" aria-hidden=\"true\"><\/i><span class=\"fusion-button-text awb-button__text awb-button__text--default\">Cliquez ici pour t\u00e9l\u00e9charger notre Catalogue GKB<\/span><\/a><\/div><\/div><\/div><\/div><\/div><div class=\"fusion-fullwidth fullwidth-box fusion-builder-row-2 fusion-flex-container has-pattern-background has-mask-background nonhundred-percent-fullwidth non-hundred-percent-height-scrolling\" style=\"--awb-border-radius-top-left:0px;--awb-border-radius-top-right:0px;--awb-border-radius-bottom-right:0px;--awb-border-radius-bottom-left:0px;--awb-flex-wrap:wrap;\" ><div class=\"fusion-builder-row fusion-row fusion-flex-align-items-flex-start fusion-flex-content-wrap\" style=\"max-width:1144px;margin-left: calc(-4% \/ 2 );margin-right: calc(-4% \/ 2 );\"><div class=\"fusion-layout-column fusion_builder_column fusion-builder-column-1 fusion_builder_column_1_1 1_1 fusion-flex-column\" style=\"--awb-bg-size:cover;--awb-width-large:100%;--awb-margin-top-large:0px;--awb-spacing-right-large:1.92%;--awb-margin-bottom-large:20px;--awb-spacing-left-large:1.92%;--awb-width-medium:100%;--awb-order-medium:0;--awb-spacing-right-medium:1.92%;--awb-spacing-left-medium:1.92%;--awb-width-small:100%;--awb-order-small:0;--awb-spacing-right-small:1.92%;--awb-spacing-left-small:1.92%;\"><div class=\"fusion-column-wrapper fusion-column-has-shadow fusion-flex-justify-content-flex-start fusion-content-layout-column\"><div class=\"fusion-text fusion-text-2\" style=\"--awb-content-alignment:center;\"><h3 data-start=\"113\" data-end=\"164\"><strong data-start=\"117\" data-end=\"162\">VOUS SOUHAITEZ DISTRIBUER LA MARQUE GKB ?<\/strong><\/h3>\n<p data-start=\"165\" data-end=\"268\"><strong data-start=\"165\" data-end=\"196\">CONTACTEZ MGE GREEN SERVICE<\/strong> au <strong data-start=\"200\" data-end=\"218\">02 43 23 09 10<\/strong> ou par mail \u00e0 <strong data-start=\"233\" data-end=\"265\"><a class=\"decorated-link cursor-pointer\" rel=\"noopener\" data-start=\"235\" data-end=\"263\">contact@mge-greenservice.com<\/a><\/strong>.<\/p>\n<p data-start=\"270\" data-end=\"618\">La gamme <strong data-start=\"279\" data-end=\"286\">GKB<\/strong> est import\u00e9e en France par <strong data-start=\"314\" data-end=\"335\">MGE GREEN SERVICE<\/strong>.<br data-start=\"336\" data-end=\"339\" \/><br \/>\nSa distribution est assur\u00e9e exclusivement par des <strong data-start=\"389\" data-end=\"420\">revendeurs agr\u00e9\u00e9s et form\u00e9s<\/strong>, capables d\u2019offrir le <strong data-start=\"443\" data-end=\"470\">meilleur accompagnement<\/strong>, depuis la <strong data-start=\"482\" data-end=\"515\" data-is-only-node=\"\">mise en route et la formation<\/strong> jusqu\u2019au <strong data-start=\"525\" data-end=\"548\">service apr\u00e8s-vente<\/strong>, incluant <strong data-start=\"559\" data-end=\"615\">l\u2019entretien, les r\u00e9parations et les pi\u00e8ces d\u00e9tach\u00e9es<\/strong>.<\/p>\n<p data-start=\"270\" data-end=\"618\"><a href=\"https:\/\/mge-greenservice.com\/w\/wp-content\/uploads\/2025\/10\/CL160-5-4000x3000-1-scaled.jpg\"><img decoding=\"async\" class=\"lazyload alignnone wp-image-51452\" src=\"https:\/\/mge-greenservice.com\/w\/wp-content\/uploads\/2025\/10\/CL160-5-4000x3000-1-300x225.jpg\" data-orig-src=\"https:\/\/mge-greenservice.com\/w\/wp-content\/uploads\/2025\/10\/CL160-5-4000x3000-1-300x225.jpg\" alt=\"\" width=\"480\" height=\"360\" srcset=\"data:image\/svg+xml,%3Csvg%20xmlns%3D%27http%3A%2F%2Fwww.w3.org%2F2000%2Fsvg%27%20width%3D%27480%27%20height%3D%27360%27%20viewBox%3D%270%200%20480%20360%27%3E%3Crect%20width%3D%27480%27%20height%3D%27360%27%20fill-opacity%3D%220%22%2F%3E%3C%2Fsvg%3E\" data-srcset=\"https:\/\/mge-greenservice.com\/w\/wp-content\/uploads\/2025\/10\/CL160-5-4000x3000-1-200x150.jpg 200w, https:\/\/mge-greenservice.com\/w\/wp-content\/uploads\/2025\/10\/CL160-5-4000x3000-1-300x225.jpg 300w, https:\/\/mge-greenservice.com\/w\/wp-content\/uploads\/2025\/10\/CL160-5-4000x3000-1-400x300.jpg 400w, https:\/\/mge-greenservice.com\/w\/wp-content\/uploads\/2025\/10\/CL160-5-4000x3000-1-600x450.jpg 600w, https:\/\/mge-greenservice.com\/w\/wp-content\/uploads\/2025\/10\/CL160-5-4000x3000-1-768x576.jpg 768w, https:\/\/mge-greenservice.com\/w\/wp-content\/uploads\/2025\/10\/CL160-5-4000x3000-1-800x600.jpg 800w, https:\/\/mge-greenservice.com\/w\/wp-content\/uploads\/2025\/10\/CL160-5-4000x3000-1-1024x768.jpg 1024w, https:\/\/mge-greenservice.com\/w\/wp-content\/uploads\/2025\/10\/CL160-5-4000x3000-1-1200x900.jpg 1200w, https:\/\/mge-greenservice.com\/w\/wp-content\/uploads\/2025\/10\/CL160-5-4000x3000-1-1536x1152.jpg 1536w\" data-sizes=\"auto\" data-orig-sizes=\"(max-width: 480px) 100vw, 480px\" \/><\/a><\/p>\n<\/div><\/div><\/div><\/div><\/div><\/p>\n","protected":false},"excerpt":{"rendered":"","protected":false},"author":2,"featured_media":0,"parent":0,"menu_order":0,"comment_status":"closed","ping_status":"closed","template":"produits.php","meta":{"_acf_changed":false,"footnotes":""},"class_list":["post-44","page","type-page","status-publish","hentry"],"acf":[],"yoast_head":"<!-- This site is optimized with the Yoast SEO plugin v27.2 - https:\/\/yoast.com\/product\/yoast-seo-wordpress\/ -->\n<title>GKB - r\u00e9novation \/ entretien des gazons et de terrains synth\u00e9tiques.<\/title>\n<meta name=\"description\" content=\"Mat\u00e9riels pour la r\u00e9novation et l&#039;entretien de sols sportifs engazonn\u00e9s et de terrains synth\u00e9tiques.\" \/>\n<meta name=\"robots\" content=\"index, follow, max-snippet:-1, max-image-preview:large, max-video-preview:-1\" \/>\n<link rel=\"canonical\" href=\"https:\/\/mge-greenservice.com\/w\/gkb\/\" \/>\n<meta property=\"og:locale\" content=\"fr_FR\" \/>\n<meta property=\"og:type\" content=\"article\" \/>\n<meta property=\"og:title\" content=\"GKB - r\u00e9novation \/ entretien des gazons et de terrains synth\u00e9tiques.\" \/>\n<meta property=\"og:description\" content=\"Mat\u00e9riels pour la r\u00e9novation et l&#039;entretien de sols sportifs engazonn\u00e9s et de terrains synth\u00e9tiques.\" \/>\n<meta property=\"og:url\" content=\"https:\/\/mge-greenservice.com\/w\/gkb\" \/>\n<meta property=\"og:site_name\" content=\"MGE Green Service\" \/>\n<meta property=\"article:modified_time\" content=\"2025-11-05T14:36:55+00:00\" \/>\n<meta property=\"og:image\" content=\"https:\/\/mge-greenservice.com\/w\/wp-content\/uploads\/2025\/11\/IMG_20221018_155639-scaled.jpg\" \/>\n\t<meta property=\"og:image:width\" content=\"2560\" \/>\n\t<meta property=\"og:image:height\" content=\"1920\" \/>\n\t<meta property=\"og:image:type\" content=\"image\/jpeg\" \/>\n<meta name=\"twitter:label1\" content=\"Dur\u00e9e de lecture estim\u00e9e\" \/>\n\t<meta name=\"twitter:data1\" content=\"2 minutes\" \/>\n<!-- \/ Yoast SEO plugin. -->","yoast_head_json":{"title":"GKB - r\u00e9novation \/ entretien des gazons et de terrains synth\u00e9tiques.","description":"Mat\u00e9riels pour la r\u00e9novation et l'entretien de sols sportifs engazonn\u00e9s et de terrains synth\u00e9tiques.","robots":{"index":"index","follow":"follow","max-snippet":"max-snippet:-1","max-image-preview":"max-image-preview:large","max-video-preview":"max-video-preview:-1"},"canonical":"https:\/\/mge-greenservice.com\/w\/gkb\/","og_locale":"fr_FR","og_type":"article","og_title":"GKB - r\u00e9novation \/ entretien des gazons et de terrains synth\u00e9tiques.","og_description":"Mat\u00e9riels pour la r\u00e9novation et l'entretien de sols sportifs engazonn\u00e9s et de terrains synth\u00e9tiques.","og_url":"https:\/\/mge-greenservice.com\/w\/gkb","og_site_name":"MGE Green Service","article_modified_time":"2025-11-05T14:36:55+00:00","og_image":[{"width":2560,"height":1920,"url":"https:\/\/mge-greenservice.com\/w\/wp-content\/uploads\/2025\/11\/IMG_20221018_155639-scaled.jpg","type":"image\/jpeg"}],"twitter_misc":{"Dur\u00e9e de lecture estim\u00e9e":"2 minutes"},"schema":{"@context":"https:\/\/schema.org","@graph":[{"@type":"WebPage","@id":"https:\/\/mge-greenservice.com\/w\/gkb\/","url":"https:\/\/mge-greenservice.com\/w\/gkb","name":"GKB - r\u00e9novation \/ entretien des gazons et de terrains synth\u00e9tiques.","isPartOf":{"@id":"https:\/\/mge-greenservice.com\/w\/#website"},"primaryImageOfPage":{"@id":"https:\/\/mge-greenservice.com\/w\/gkb#primaryimage"},"image":{"@id":"https:\/\/mge-greenservice.com\/w\/gkb#primaryimage"},"thumbnailUrl":"https:\/\/mge-greenservice.com\/w\/wp-content\/uploads\/2025\/11\/IMG_20221018_155639-300x225.jpg","datePublished":"2014-06-30T14:54:28+00:00","dateModified":"2025-11-05T14:36:55+00:00","description":"Mat\u00e9riels pour la r\u00e9novation et l'entretien de sols sportifs engazonn\u00e9s et de terrains synth\u00e9tiques.","breadcrumb":{"@id":"https:\/\/mge-greenservice.com\/w\/gkb#breadcrumb"},"inLanguage":"fr-FR","potentialAction":[{"@type":"ReadAction","target":["https:\/\/mge-greenservice.com\/w\/gkb"]}]},{"@type":"ImageObject","inLanguage":"fr-FR","@id":"https:\/\/mge-greenservice.com\/w\/gkb#primaryimage","url":"https:\/\/mge-greenservice.com\/w\/wp-content\/uploads\/2025\/11\/IMG_20221018_155639-scaled.jpg","contentUrl":"https:\/\/mge-greenservice.com\/w\/wp-content\/uploads\/2025\/11\/IMG_20221018_155639-scaled.jpg","width":2560,"height":1920},{"@type":"BreadcrumbList","@id":"https:\/\/mge-greenservice.com\/w\/gkb#breadcrumb","itemListElement":[{"@type":"ListItem","position":1,"name":"Accueil","item":"https:\/\/mge-greenservice.com\/w\/"},{"@type":"ListItem","position":2,"name":"GKB, r\u00e9novation \/ entretien de sols sportifs engazonn\u00e9s et de terrains synth\u00e9tiques"}]},{"@type":"WebSite","@id":"https:\/\/mge-greenservice.com\/w\/#website","url":"https:\/\/mge-greenservice.com\/w\/","name":"MGE Green Service","description":"L&#039;avenir s&#039;\u00e9crit en Vert","publisher":{"@id":"https:\/\/mge-greenservice.com\/w\/#organization"},"potentialAction":[{"@type":"SearchAction","target":{"@type":"EntryPoint","urlTemplate":"https:\/\/mge-greenservice.com\/w\/?s={search_term_string}"},"query-input":{"@type":"PropertyValueSpecification","valueRequired":true,"valueName":"search_term_string"}}],"inLanguage":"fr-FR"},{"@type":"Organization","@id":"https:\/\/mge-greenservice.com\/w\/#organization","name":"MGE Green Service","url":"https:\/\/mge-greenservice.com\/w\/","logo":{"@type":"ImageObject","inLanguage":"fr-FR","@id":"https:\/\/mge-greenservice.com\/w\/#\/schema\/logo\/image\/","url":"https:\/\/mge-greenservice.com\/w\/wp-content\/uploads\/2014\/06\/MGE-Green-service-logo-header.png","contentUrl":"https:\/\/mge-greenservice.com\/w\/wp-content\/uploads\/2014\/06\/MGE-Green-service-logo-header.png","width":295,"height":75,"caption":"MGE Green Service"},"image":{"@id":"https:\/\/mge-greenservice.com\/w\/#\/schema\/logo\/image\/"}}]}},"amp_enabled":false,"_links":{"self":[{"href":"https:\/\/mge-greenservice.com\/w\/wp-json\/wp\/v2\/pages\/44","targetHints":{"allow":["GET"]}}],"collection":[{"href":"https:\/\/mge-greenservice.com\/w\/wp-json\/wp\/v2\/pages"}],"about":[{"href":"https:\/\/mge-greenservice.com\/w\/wp-json\/wp\/v2\/types\/page"}],"author":[{"embeddable":true,"href":"https:\/\/mge-greenservice.com\/w\/wp-json\/wp\/v2\/users\/2"}],"replies":[{"embeddable":true,"href":"https:\/\/mge-greenservice.com\/w\/wp-json\/wp\/v2\/comments?post=44"}],"version-history":[{"count":25,"href":"https:\/\/mge-greenservice.com\/w\/wp-json\/wp\/v2\/pages\/44\/revisions"}],"predecessor-version":[{"id":52020,"href":"https:\/\/mge-greenservice.com\/w\/wp-json\/wp\/v2\/pages\/44\/revisions\/52020"}],"wp:attachment":[{"href":"https:\/\/mge-greenservice.com\/w\/wp-json\/wp\/v2\/media?parent=44"}],"curies":[{"name":"wp","href":"https:\/\/api.w.org\/{rel}","templated":true}]}}